d by 42?
39
What is the remainder when 671 is divided by 84?
83
What is the remainder when 457 is divided by 92?
89
Calculate the remainder when 142 is divided by 29.
26
Calculate the remainder when 82 is divided by 40.
2
Calculate the remainder when 291 is divided by 55.
16
Calculate the remainder when 83 is divided by 19.
7
Calculate the remainder when 143 is divided by 138.
5
What is the remainder when 414 is divided by 215?
199
What is the remainder when 782 is divided by 157?
154
What is the remainder when 6140 is divided by 1226?
10
What is the remainder when 647 is divided by 4?
3
What is the remainder when 220 is divided by 34?
16
Calculate the remainder when 530 is divided by 78.
62
What is the remainder when 150 is divided by 26?
20
Calculate the remainder when 681 is divided by 177.
150
What is the remainder when 113 is divided by 18?
5
Calculate the remainder when 91 is divided by 3.
1
What is the remainder when 686 is divided by 228?
2
What is the remainder when 566 is divided by 150?
116
What is the remainder when 4151 is divided by 14?
7
What is the remainder when 34 is divided by 7?
6
Calculate the remainder when 107 is divided by 29.
20
Calculate the remainder when 142 is divided by 33.
10
What is the remainder when 1257 is divided by 20?
17
What is the remainder when 3103 is divided by 63?
16
Calculate the remainder when 1236 is divided by 106.
70
Calculate the remainder when 4791 is divided by 130.
111
What is the remainder when 4919 is divided by 24?
23
What is the remainder when 643 is divided by 26?
19
Calculate the remainder when 55235 is divided by 13.
11
Calculate the remainder when 7503 is divided by 27.
24
Calculate the remainder when 489 is divided by 39.
21
What is the remainder when 202 is divided by 23?
18
Calculate the remainder when 288 is divided by 23.
12
What is the remainder when 143 is divided by 7?
3
Calculate the remainder when 516 is divided by 74.
72
What is the remainder when 169 is divided by 98?
71
What is the remainder when 2339 is divided by 5?
4
Calculate the remainder when 320 is divided by 2.
0
Calculate the remainder when 2035 is divided by 22.
11
Calculate the remainder when 1799 is divided by 594.
17
Calculate the remainder when 163 is divided by 8.
3
Calculate the remainder when 383 is divided by 77.
75
Calculate the remainder when 186 is divided by 8.
2
Calculate the remainder when 1764 is divided by 43.
1
Calculate the remainder when 1857 is divided by 30.
27
What is the remainder when 103 is divided by 20?
3
Calculate the remainder when 797 is divided by 163.
145
What is the remainder when 6499 is divided by 33?
31
What is the remainder when 281 is divided by 142?
139
What is the remainder when 58 is divided by 12?
10
What is the remainder when 868 is divided by 383?
102
What is the remainder when 988 is divided by 167?
153
Calculate the remainder when 149 is divided by 14.
9
What is the remainder when 66 is divided by 10?
6
Calculate the remainder when 2397 is divided by 5.
2
Calculate the remainder when 1821 is divided by 149.
33
What is the remainder when 34 is divided by 18?
16
What is the remainder when 377 is divided by 32?
25
Calculate the remainder when 477 is divided by 15.
12
Calculate the remainder when 2522 is divided by 827.
41
What is the remainder when 582 is divided by 9?
6
Calculate the remainder when 193 is divided by 66.
61
Calculate the remainder when 6009 is divided by 401.
395
What is the remainder when 156 is divided by 77?
2
Calculate the remainder when 29596 is divided by 50.
46
Calculate the remainder when 79 is divided by 14.
9
Calculate the remainder when 164 is divided by 78.
8
What is the remainder when 334 is divided by 48?
46
Calculate the remainder when 91 is divided by 54.
37
Calculate the remainder when 773 is divided by 109.
10
What is the remainder when 472 is divided by 11?
10
Calculate the remainder when 1216 is divided by 293.
44
What is the remainder when 101 is divided by 7?
3
Calculate the remainder when 1838 is divided by 28.
18
What is the remainder when 3762 is divided by 1245?
27
What is the remainder when 1622 is divided by 56?
54
Calculate the remainder when 8 is divided by 2.
0
What is the remainder when 954 is divided by 936?
18
What is the remainder when 3049 is divided by 26?
7
What is the remainder when 353 is divided by 71?
69
Calculate the remainder when 310 is divided by 37.
14
Calculate the remainder when 11 is divided by 6.
5
Calculate the remainder when 59 is divided by 46.
13
What is the remainder when 240 is divided by 22?
20
What is the remainder when 7189 is divided by 31?
28
What is the remainder when 35 is divided by 18?
17
What is the remainder when 17232 is divided by 39?
33
What is the remainder when 162 is divided by 42?
36
Calculate the remainder when 141 is divided by 42.
15
Calculate the remainder when 111 is divided by 26.
7
What is the remainder when 530 is divided by 38?
36
Calculate the remainder when 1593 is divided by 145.
143
What is the remainder when 4155 is divided by 33?
30
Calculate the remainder when 608 is divided by 102.
98
What is the remainder when 18357 is divided by 301?
297
What is the remainder when 160 is divided by 36?
16
What is the remainder when 298 is divided by 53?
33
What is the remainder when 761 is divided by 61?
29
What is the remainder when 209 is divided by 4?
1
What is the remainder when 1211 is divided by 29?
22
What is the remainder when 492 is divided by 13?
11
Calculate the remainder when 778 is divided by 15.
13
Calculate the remainder when 53 is divided by 24.
5
What is the remainder when 264 is divided by 20?
4
What is the remainder when 179 is divided by 27?
17
What is the remainder when 121 is divided by 61?
60
Calculate the remainder when 1067 is divided by 57.
41
What is the remainder when 149 is divided by 8?
5
Calculate the remainder when 36 is divided by 16.
4
What is the remainder when 310 is divided by 45?
40
Calculate the remainder when 400 is divided by 7.
1
What is the remainder when 209 is divided by 25?
9
Calculate the remainder when 237 is divided by 14.
13
What is the remainder when 384 is divided by 2?
0
Calculate the remainder when 225 is divided by 68.
21
Calculate the remainder when 227 is divided by 6.
5
Calculate the remainder when 3725 is divided by 31.
5
Calculate the remainder when 124 is divided by 81.
43
What is the remainder when 275 is divided by 11?
0
What is the remainder when 1879 is divided by 43?
30
Calculate the remainder when 328 is divided by 10.
8
Calculate the remainder when 2447 is divided by 14.
11
Calculate the remainder when 55 is divided by 18.
1
What is the remainder when 1343 is divided by 201?
137
Calculate the remainder when 268 is divided by 88.
4
What is the remainder when 10460 is divided by 8?
4
Calculate the remainder when 77 is divided by 10.
7
Calculate the remainder when 218 is divided by 92.
34
What is the remainder when 2504 is divided by 209?
205
Calculate the remainder when 358 is divided by 30.
28
What is the remainder when 312 is divided by 77?
4
Calculate the remainder when 322 is divided by 100.
22
What is the remainder when 111 is divided by 16?
15
Calculate the remainder when 1215 is divided by 243.
0
Calculate the remainder when 740 is divided by 13.
12
Calculate the remainder when 1513 is divided by 27.
1
Calculate the remainder when 3245 is divided by 16.
13
What is the remainder when 733 is divided by 23?
20
What is the remainder when 43 is divided by 10?
3
Calculate the remainder when 1404 is divided by 94.
88
Calculate the remainder when 500 is divided by 86.
70
Calculate the remainder when 248 is divided by 115.
18
What is the remainder when 7475 is divided by 84?
83
Calculate the remainder when 89 is divided by 21.
5
Calculate the remainder when 807 is divided by 8.
7
What is the remainder when 7577 is divided by 2522?
11
What is the remainder when 44 is divided by 23?
21
What is the remainder when 1052 is divided by 9?
8
Calculate the remainder when 546 is divided by 134.
10
Calculate the remainder when 665 is divided by 127.
30
What is the remainder when 263 is divided by 53?
51
Calculate the remainder when 333 is divided by 145.
43
What is the remainder when 2429 is divided by 30?
29
What is th